{"id":122,"date":"2020-06-25T08:26:11","date_gmt":"2020-06-25T06:26:11","guid":{"rendered":"http:\/\/sekratec.de\/huehnerstall\/?page_id=122"},"modified":"2020-07-14T21:48:16","modified_gmt":"2020-07-14T19:48:16","slug":"services","status":"publish","type":"page","link":"https:\/\/huehnerstall.com\/?page_id=122","title":{"rendered":"Services"},"content":{"rendered":"<div class=\"n module-type-header diyfeLiveArea \">\n<h3><span class=\"diyfeDecoration\">Unser Service-Angebot f\u00fcr Sie<\/span><\/h3>\n<\/div>\n<div class=\"n module-type-text diyfeLiveArea \">\n<p>Wir tun alles, damit Sie sich bei uns wohlf\u00fchlen und gerne wiederkommen:<\/p>\n<p>Individuelle Ausrichtung Ihrer Feiern mit Buffet oder \u00e0 la Carte<\/p>\n<ul>\n<li>Regelm\u00e4\u00dfige Stammtische, Events und Mottoabende<\/li>\n<li>Catering au\u00dfer Haus<\/li>\n<\/ul>\n<p><img loading=\"lazy\" class=\"size-medium wp-image-127 alignright\" src=\"https:\/\/huehnerstall.com\/wp-content\/uploads\/2020\/06\/cache_2479637713-300x200.jpg\" alt=\"\" width=\"300\" height=\"200\" srcset=\"https:\/\/huehnerstall.com\/wp-content\/uploads\/2020\/06\/cache_2479637713-300x200.jpg 300w, https:\/\/huehnerstall.com\/wp-content\/uploads\/2020\/06\/cache_2479637713-150x100.jpg 150w, https:\/\/huehnerstall.com\/wp-content\/uploads\/2020\/06\/cache_2479637713.jpg 671w\" sizes=\"(max-width: 300px) 100vw, 300px\" \/><\/p>\n<p><img loading=\"lazy\" class=\"size-medium wp-image-128 alignright\" src=\"https:\/\/huehnerstall.com\/wp-content\/uploads\/2020\/06\/cache_2479637711-300x200.jpg\" alt=\"\" width=\"300\" height=\"200\" srcset=\"https:\/\/huehnerstall.com\/wp-content\/uploads\/2020\/06\/cache_2479637711-300x200.jpg 300w, https:\/\/huehnerstall.com\/wp-content\/uploads\/2020\/06\/cache_2479637711-150x100.jpg 150w, https:\/\/huehnerstall.com\/wp-content\/uploads\/2020\/06\/cache_2479637711.jpg 671w\" sizes=\"(max-width: 300px) 100vw, 300px\" \/><\/p>\n<p><img loading=\"lazy\" class=\"size-medium wp-image-129 aligncenter\" src=\"https:\/\/huehnerstall.com\/wp-content\/uploads\/2020\/06\/cache_2479637710-300x200.jpg\" alt=\"\" width=\"300\" height=\"200\" srcset=\"https:\/\/huehnerstall.com\/wp-content\/uploads\/2020\/06\/cache_2479637710-300x200.jpg 300w, https:\/\/huehnerstall.com\/wp-content\/uploads\/2020\/06\/cache_2479637710-150x100.jpg 150w, https:\/\/huehnerstall.com\/wp-content\/uploads\/2020\/06\/cache_2479637710.jpg 671w\" sizes=\"(max-width: 300px) 100vw, 300px\" \/><\/p>\n<\/div>\n","protected":false},"excerpt":{"rendered":"<p>Unser Service-Angebot f\u00fcr Sie Wir tun alles, damit Sie sich bei uns wohlf\u00fchlen und gerne wiederkommen: Individuelle Ausrichtung Ihrer Feiern mit Buffet oder \u00e0 la Carte Regelm\u00e4\u00dfige Stammtische, Events und Mottoabende Catering au\u00dfer Haus<\/p>\n","protected":false},"author":1,"featured_media":0,"parent":0,"menu_order":0,"comment_status":"closed","ping_status":"closed","template":"","meta":{"ngg_post_thumbnail":0},"acf":[],"_links":{"self":[{"href":"https:\/\/huehnerstall.com\/index.php?rest_route=\/wp\/v2\/pages\/122"}],"collection":[{"href":"https:\/\/huehnerstall.com\/index.php?rest_route=\/wp\/v2\/pages"}],"about":[{"href":"https:\/\/huehnerstall.com\/index.php?rest_route=\/wp\/v2\/types\/page"}],"author":[{"embeddable":true,"href":"https:\/\/huehnerstall.com\/index.php?rest_route=\/wp\/v2\/users\/1"}],"replies":[{"embeddable":true,"href":"https:\/\/huehnerstall.com\/index.php?rest_route=%2Fwp%2Fv2%2Fcomments&post=122"}],"version-history":[{"count":7,"href":"https:\/\/huehnerstall.com\/index.php?rest_route=\/wp\/v2\/pages\/122\/revisions"}],"predecessor-version":[{"id":488,"href":"https:\/\/huehnerstall.com\/index.php?rest_route=\/wp\/v2\/pages\/122\/revisions\/488"}],"wp:attachment":[{"href":"https:\/\/huehnerstall.com\/index.php?rest_route=%2Fwp%2Fv2%2Fmedia&parent=122"}],"curies":[{"name":"wp","href":"https:\/\/api.w.org\/{rel}","templated":true}]}}