{"id":74,"date":"2020-06-25T06:25:00","date_gmt":"2020-06-25T04:25:00","guid":{"rendered":"http:\/\/sekratec.de\/huehnerstall\/?page_id=74"},"modified":"2020-07-06T13:56:22","modified_gmt":"2020-07-06T11:56:22","slug":"impressum","status":"publish","type":"page","link":"https:\/\/huehnerstall.com\/?page_id=74","title":{"rendered":"Impressum"},"content":{"rendered":"\r\n<h1>Impressum<\/h1>\r\n\r\n\r\n\r\n<p>Erlebnisgastronomie H\u00fchnerstall&nbsp;<\/p>\r\n\r\n\r\n\r\n<p>DLV Germany GmbH<br>Am Markt 4<br>03130 Spremberg<\/p>\r\n\r\n\r\n\r\n<p><br><strong>Kontakt<\/strong><\/p>\r\n<p>Tel.: 03563 \/ 590 \u2013 1001<\/p>\r\n<p>Fax: 03563 \/ 590 \u2013 3047<\/p>\r\n\r\n\r\n\r\n\r\n\r\n<p>E-Mail: info@huehnerstall.com<\/p>\r\n\r\n\r\n\r\n<p><strong>Registereintrag<\/strong><\/p>\r\n\r\n\r\n\r\n<p>Eintragung im Handelsregister.<br>Registergericht: Cottbus<\/p>\r\n\r\n\r\n\r\n<p>Registernummer: HRB 8141<\/p>\r\n\r\n\r\n\r\n<p><br><strong>Umsatzsteuer-ID<\/strong><\/p>\r\n\r\n\r\n\r\n<p>DE263218811<\/p>\r\n\r\n\r\n\r\n\r\n\r\n<p><strong>Aufsichtsbeh\u00f6rde<\/strong><\/p>\r\n\r\n\r\n\r\n<p>Cottbus<\/p>\r\n\r\n\r\n\r\n<p>Haftungshinweis: Trotz inhaltlicher Kontrolle \u00fcbernehmen wir keine Haftung f\u00fcr die Inhalte externer Links. F\u00fcr den Inhalt verlinkter Seiten sind ausschlie\u00dflich deren Betreiber verantwortlich!<\/p>\r\n\r\n\r\n\r\n<p>&nbsp;<\/p>\r\n","protected":false},"excerpt":{"rendered":"<p>Impressum Erlebnisgastronomie H\u00fchnerstall&nbsp; DLV Germany GmbHAm Markt 403130 Spremberg Kontakt Tel.: 03563 \/ 590 \u2013 1001 Fax: 03563 \/ 590 \u2013 3047 E-Mail: info@huehnerstall.com Registereintrag Eintragung im Handelsregister.Registergericht: Cottbus Registernummer: HRB 8141 Umsatzsteuer-ID DE263218811 Aufsichtsbeh\u00f6rde Cottbus Haftungshinweis: Trotz inhaltlicher Kontrolle \u00fcbernehmen wir keine Haftung f\u00fcr die Inhalte externer Links. F\u00fcr den Inhalt verlinkter Seiten sind ausschlie\u00dflich deren Betreiber verantwortlich! &nbsp;<\/p>\n","protected":false},"author":1,"featured_media":0,"parent":0,"menu_order":0,"comment_status":"closed","ping_status":"closed","template":"","meta":{"ngg_post_thumbnail":0},"acf":[],"_links":{"self":[{"href":"https:\/\/huehnerstall.com\/index.php?rest_route=\/wp\/v2\/pages\/74"}],"collection":[{"href":"https:\/\/huehnerstall.com\/index.php?rest_route=\/wp\/v2\/pages"}],"about":[{"href":"https:\/\/huehnerstall.com\/index.php?rest_route=\/wp\/v2\/types\/page"}],"author":[{"embeddable":true,"href":"https:\/\/huehnerstall.com\/index.php?rest_route=\/wp\/v2\/users\/1"}],"replies":[{"embeddable":true,"href":"https:\/\/huehnerstall.com\/index.php?rest_route=%2Fwp%2Fv2%2Fcomments&post=74"}],"version-history":[{"count":4,"href":"https:\/\/huehnerstall.com\/index.php?rest_route=\/wp\/v2\/pages\/74\/revisions"}],"predecessor-version":[{"id":184,"href":"https:\/\/huehnerstall.com\/index.php?rest_route=\/wp\/v2\/pages\/74\/revisions\/184"}],"wp:attachment":[{"href":"https:\/\/huehnerstall.com\/index.php?rest_route=%2Fwp%2Fv2%2Fmedia&parent=74"}],"curies":[{"name":"wp","href":"https:\/\/api.w.org\/{rel}","templated":true}]}}